d 36.
4
Let c be -3 + (1 + (-14)/(-4))*2. Suppose -2*t + 18 + c = 0. What is the highest common divisor of t and 20?
4
Suppose 828 = 19*c - 3048. Calculate the greatest common factor of 51 and c.
51
Suppose 121 = s - p - p, 5*s = -4*p + 605. Calculate the greatest common divisor of 44 and s.
11
Suppose -6*h + 155 = -h. Suppose 0 = -27*o + h*o - 64. What is the greatest common factor of 64 and o?
16
Let z(r) = -r**2 + 2*r - 37. Let v be z(0). Let i = v - -111. Calculate the highest common factor of i and 37.
37
Let f = -144 + 146. Suppose -4*u - 2*m + 44 = f*m, -u - 4 = -2*m. What is the highest common divisor of 3 and u?
3
Suppose 0 = o + 4*n - 2188, o + 5*n - 1050 = 1133. What is the greatest common divisor of 96 and o?
96
Let k = 51 - -93. Let i = k - 124. Calculate the highest common factor of i and 140.
20
Suppose -22*f + 681 = -2223. What is the highest common divisor of 484 and f?
44
Let a be 529/(-4) - (2/(-8) - 0). Let b be (-1)/(-6) - 14234/a. What is the greatest common divisor of 24 and b?
12
Let w(o) = o**3 - 4*o**2 + 2. Suppose 0*v = -2*v + 8. Let l be w(v). Calculate the greatest common factor of l and 20.
2
Let o = -3 + 9. Let i be (-4)/(-6 + (-20)/(-5)). Calculate the highest common divisor of i and o.
2
Suppose 276 = 2*y - 52. Suppose -2*d = 2*d - y. Calculate the highest common divisor of d and 205.
41
Let a be 3*-12*(-4)/9. Let v(n) = 7*n - 6. Let p be v(2). Calculate the greatest common factor of p and a.
8
Let y = -17 - -11. Let w be (2 - -2) + y/3. Let f be (-10 - 1)*(-2)/w. Calculate the greatest common factor of f and 11.
11
Suppose -38 - 12 = -10*b. Suppose -b*z - 3*z = -176. Let a be 53/5 + 2/5. Calculate the highest common factor of z and a.
11
Let s = 323 - 282. Let h = -378 - -531. Let q = h - s. What is the greatest common divisor of 16 and q?
16
Suppose k = 5*j - 538, -530 = 5*j - 10*j + 5*k. Calculate the greatest common divisor of j and 180.
36
Let z be (-21)/1*(-5)/3. Let f = -3821 - -4136. What is the highest common factor of z and f?
35
Suppose -129*l + 1424 = -127*l. Calculate the highest common divisor of 267 and l.
89
Let t = 254 - 245. Let r(x) = 2*x**2 + x. Let b be r(-5). What is the greatest common factor of b and t?
9
Let u(m) be the first derivative of m**4/4 - 16*m**3/3 + m**2 + 16*m + 21. Let o be u(16). What is the greatest common factor of 64 and o?
16
Let w(l) = -2*l + 6. Let m be w(-5). Suppose 2*q - m = 4. Let i = 189 - 179. Calculate the highest common factor of q and i.
10
Let g = -162 - -159. Let u be ((-464 + 5)/g)/1. Calculate the highest common divisor of u and 18.
9
Suppose 7*g + 138 = g. Let o(k) = -k**3 - 21*k**2 + 44*k + 23. Let j be o(g). What is the greatest common divisor of j and 46?
23
Let b(r) = -r**3 - 7*r**2 - r + 11. Suppose -2*d - 8 = -2*w, -4*d = -d - 2*w + 15. Let n be b(d). Calculate the greatest common factor of 9 and n.
9
Suppose 2*r = -6 + 12. Suppose -r*i + x + 417 = i, -i + 90 = -5*x. What is the highest common factor of i and 42?
21
Let t = -285 + 1329. Calculate the highest common factor of t and 72.
36
Suppose -4*x + 79 = -581. Let z(p) = -16*p - 1. Let t(q) = 32*q + 2. Let l(b) = 6*t(b) + 13*z(b). Let w be l(-1). What is the highest common factor of w and x?
15
Suppose 5*o = 174 + 201. Suppose 0*c + 3*j + 12 = -2*c, -5*c + 4 = -j. Suppose 7*b - 147 - 63 = c. Calculate the highest common factor of b and o.
15
Suppose -2*k = 3*k - 15. Suppose -3*i = 3*d + 6, 0 = i - 3*i + 5*d + 17. Suppose -10 = -3*z - i. What is the highest common factor of z and k?
3
Let f(i) = -i**2 + 7*i - 16. Let b be f(7). Let y be (6*180/b)/((-1)/2). What is the greatest common divisor of y and 27?
27
Let i(x) = -x**2 + x + 22. Let w = 1 - -1. Suppose c + 4*b - 5 = -13, c + w = -b. Let f be i(c). Calculate the highest common factor of 33 and f.
11
Let b(t) be the second derivative of t**3 - 3*t**2/2 - t. Let p be b(6). Let l be 222/78 - (-4)/26. What is the highest common divisor of l and p?
3
Let u be (90/(-27) + -6)*(-12)/16. Calculate the greatest common factor of u and 70.
7
Suppose -5*j = -j - 8. Suppose -j*p + 9 = 3*g - 3*p, 4*p = 2*g - 16. Let v be (-4640)/(-110) + g/(-11). Calculate the highest common divisor of v and 6.
6
Let s(c) be the third derivative of c**4/24 + 7*c**3/3 - 7*c**2. Let m be s(-5). What is the highest common divisor of m and 3?
3
Suppose 0 = 5*o + 15 - 60. Let z = 11 - o. Let d(f) = f**2 - 4*f + 6. Let c be d(4). Calculate the greatest common divisor of z and c.
2
Let y = 135 + -75. Suppose f - 30 = -2*b + b, 3*b - y = 3*f. Let c be 1 + -3 - (-130 - -3). What is the highest common factor of c and b?
25
Let d be (-6718)/(-7) + 6/21. Suppose 3*p = 7*p - d. Let a(w) = 4*w**2 - 8*w - 2. Let g be a(4). Calculate the greatest common factor of g and p.
30
Let r(a) = -a**3 + 18*a**2 - 19*a - 46. Let v be r(16). Let t = 128 - 65. Let j = -45 + t. What is the greatest common divisor of v and j?
18
Let d(u) = -u**3 + 23*u**2 - 37*u + 7. Let i be d(21). Calculate the highest common factor of i and 16.
16
Let a(o) be the second derivative of o**5/20 + o**4/2 + o**3/2 + 3*o**2 + 23*o. Let n be a(-5). Calculate the highest common factor of 4 and n.
4
Let w(f) = f + 56. Let m(l) = -l**3 + 2*l**2 - l + 2. Let v be m(2). Let r be w(v). Let b = 101 - 87. Calculate the highest common factor of b and r.
14
Let z(w) = 4*w + 34. Let i be z(-8). Suppose x + 5*n - 108 = 0, 3*x + i*x - 3*n = 540. Calculate the greatest common divisor of x and 12.
12
Let w = -88 - -102. Suppose -q - 6*q + w = 0. Calculate the highest common divisor of 20 and q.
2
Let p(l) = -8*l - 13. Let n be p(-2). Suppose -2*m + 59 + 33 = i, -n*i + 267 = -3*m. Calculate the highest common factor of 10 and i.
10
Let i(g) = -g**2 - 6*g - 1. Let f be i(-6). Let n be (f/2)/(4/(-784)). Suppose 0 = 9*w - 8*w - 14. What is the greatest common divisor of w and n?
14
Let v be (15/(-30))/(2/(-120)). Suppose 0*d - 10 = -5*d. Suppose d*w - 538 = -2*j - 0*j, -808 = -3*j - 2*w. Calculate the highest common factor of v and j.
30
Suppose -32 - 26 = f. Let b = 106 + f. What is the highest common divisor of 120 and b?
24
Suppose 0*i + 3*i - 6 = 0. Suppose -5*c - 10 = 0, -i*c - 13 - 12 = -3*u. What is the highest common divisor of u and 63?
7
Suppose 5*d + 5*m - 211 = 2*d, 288 = 4*d + 5*m. What is the greatest common factor of 7 and d?
7
Let q(z) = -2*z - 4. Let y = -14 + 20. Let k = -3 - y. Let l be q(k). Calculate the highest common divisor of 35 and l.
7
Suppose 140 = 4*i - 180. Let b(p) = -3*p - 31. Let l be b(-21). Calculate the greatest common factor of i and l.
16
Suppose -5*i = -7 - 3. Let v be 7 + 3/((-2)/i). Suppose 0*r = v*d - 3*r - 127, d - r - 33 = 0. Calculate the greatest common factor of d and 4.
4
Suppose 4*x + n - 17 = -0*x, 28 = x + 5*n. Suppose 0 = 2*l + 3*y - 63, x*y - 39 = -l - 0*y. What is the highest common divisor of 120 and l?
24
Suppose 4*a - x = 44, -5 - 50 = -5*a + 3*x. What is the highest common factor of a and 209?
11
Suppose -42 = -n - 2*n. Suppose 34*f + 714 - 771 = 1847. Calculate the greatest common factor of n and f.
14
Suppose g = -5*u + 4, -5*g + 3*u + 122 = 46. Calculate the greatest common divisor of g and 62.
2
Let c = 18 + -6. Suppose -v = -4*n, c = -0*v + 2*v - 2*n. Calculate the greatest common factor of v and 16.
8
Let c(g) = g**2 - 10*g - 47. Let h be c(-7). What is the highest common factor of 9 and h?
9
Suppose 8 = 7*p - 160. Calculate the greatest common divisor of p and 12.
12
Let y be 5/(-2) + (-3805)/(-10) + 2. What is the highest common factor of 228 and y?
76
Let t be (3 - 10) + (17 - 4). What is the highest common divisor of 21 and t?
3
Suppose -21*r + 22*r + 1 = 0. Let b be r/(-3) - 46/(-6). What is the greatest common factor of 2 and b?
2
Let q(p) = 2*p**3 + 4*p**2 - 2*p - 2. Let m be q(-2). Suppose -6*o + 560 = -m*o. What is the highest common divisor of 20 and o?
20
Let u = -21 - -21. Let q be (-1 + u)*4 - -24. Calculate the highest common divisor of 5 and q.
5
Let j(i) = -i**2 + 10*i - 8. Let x be j(8). Let u(d) = 2*d**2 - d - 10. Let w be u(x). Calculate the greatest common divisor of w and 10.
10
Let m(r) = -r**2 - 6*r + 16. Let g be m(-8). Suppose g = 2*v - 7 + 1. Suppose 0 = 4*w - 0*w - 48. Calculate the highest common factor of v and w.
3
Let s = -119 + 186. Suppose -